**2 + 155*l - 2811. Give r(-93).
72
Let y(l) = -1944*l**2 + 17458*l + 7. Calculate y(9).
-335
Let o(p) = 2*p**3 + 138*p**2 - 35983*p - 219. What is o(104)?
-115
Let l(z) = -5067*z - 60838. Calculate l(-12).
-34
Let s(n) = 3*n**3 - 109*n**2 + 620*n + 5. What is s(8)?
-475
Let v(i) = 338*i**2 + 5370*i - 22. What is v(-16)?
586
Let y(t) = -90341*t + 451733. What is y(5)?
28
Let w(d) = 8625*d + 327745. Calculate w(-38).
-5
Let m(v) = -v**3 - 267*v**2 + 2901*v + 5366. What is m(12)?
2
Let b(m) = -28287*m - 83798. Calculate b(-3).
1063
Let l(h) = -h**3 - 16*h**2 + 110812*h + 4230. Calculate l(325).
5
Let x(z) = -38327*z + 1571409. Determine x(41).
2
Let u(v) = 10*v**2 - 658*v - 5889. Determine u(-8).
15
Let b(j) = -60583*j - 181745. What is b(-3)?
4
Let t(d) = 765*d + 31379. Give t(-41).
14
Let c(x) = 8*x**2 + 1322*x + 14993. Calculate c(-153).
-1
Let d(v) = 742*v - 37966. What is d(51)?
-124
Let o(z) = 442*z - 884. What is o(2)?
0
Let u(d) = 2*d**2 + 3218*d - 81575. Calculate u(25).
125
Let h(l) = -3259*l + 22808. What is h(7)?
-5
Let j(m) = 984*m - 307798. Determine j(313).
194
Let j(r) = -17626*r + 140995. Calculate j(8).
-13
Let w(u) = -2*u**3 - 16*u**2 - 19*u - 346. What is w(-9)?
-13
Let g(q) = -6518*q - 821263. Calculate g(-126).
5
Let l(o) = 2*o**2 - 68*o - 26328. What is l(-99)?
6
Let t(z) = 2*z**3 + 23*z**2 - 137*z - 17. What is t(-18)?
-1763
Let r(y) = -y**3 + 22*y**2 - 155*y + 206. Calculate r(19).
-1656
Let z(i) = -1946*i - 5608. Give z(-3).
230
Let l(s) = -s**3 - 7*s**2 + 1550*s - 55. What is l(36)?
17
Let n(v) = -2*v**3 + 308*v**2 - 905*v - 348. Calculate n(151).
-197
Let w(l) = 43*l**2 - 4881*l - 47401. Calculate w(-9).
11
Let p(c) = 109*c + 7107. Give p(-49).
1766
Let w(v) = 38080*v - 266529. Calculate w(7).
31
Let x(p) = p**3 + 14*p**2 + 84*p + 583. Calculate x(-11).
22
Let b(z) = 665*z + 37439. Give b(-56).
199
Let a(y) = 366*y - 6616. Give a(20).
704
Let x(t) = 80*t**2 - 4717*t - 301. Give x(59).
-124
Let l(x) = -10*x**2 + 248*x - 351. What is l(18)?
873
Let t(v) = 147*v + 3654. Give t(-17).
1155
Let z(p) = -p**3 - 100*p**2 + 229*p + 32466. Give z(-99).
-6
Let l(d) = -d**2 + 7151*d - 178122. What is l(25)?
28
Let k(o) = 329*o**2 - 35821*o - 4345. What is k(109)?
15
Let g(b) = -5087*b + 50910. Give g(10).
40
Let j(n) = 86255*n - 603571. Determine j(7).
214
Let m(f) = f**2 - 316*f + 2777. Determine m(9).
14
Let w(n) = -3*n**3 - 87*n**2 + 11*n - 442. What is w(-28)?
-3102
Let i(q) = 3*q**3 - 704*q + 10. Determine i(0).
10
Let w(o) = 4091*o - 253670. Determine w(62).
-28
Let u(b) = 3456*b + 13661. Calculate u(-4).
-163
Let g(w) = w**3 - 33*w**2 + 118*w - 2451. Determine g(31).
-715
Let j(g) = -g**3 - 91*g**2 - 12*g - 79549. What is j(-99)?
47
Let h(l) = 6841*l + 95784. Calculate h(-14).
10
Let s(x) = 78*x**2 + 179*x + 359. Calculate s(-2).
313
Let n(l) = 9*l**3 + 258*l**2 - 90*l - 95. Determine n(-29).
-8
Let m(b) = 2*b**3 - 134*b**2 - 709*b + 294. What is m(72)?
1086
Let y(a) = -3115*a - 121426. Calculate y(-39).
59
Let l(j) = j**3 - 58*j**2 + 818*j - 142. Calculate l(32).
-590
Let a(m) = -m**2 - 786*m + 147216. Determine a(156).
264
Let h(c) = -c**3 + 217*c**2 - 4463*c - 413. What is h(194)?
-607
Let x(t) = -9573*t + 1866731. Give x(195).
-4
Let i(g) = 6*g**3 - 30*g**2 - 128*g + 20. What is i(8)?
148
Let g(f) = f**3 + 88*f**2 + 1921*f + 106. Determine g(-48).
58
Let t(v) = -60*v - 1811. Determine t(-25).
-311
Let f(t) = t**2 - 1285275*t + 7711628. Give f(6).
14
Let f(a) = 5*a**3 + 389*a**2 - 2388*a - 151205. Calculate f(-79).
1
Let a(k) = 885*k - 290628. Calculate a(328).
-348
Let f(n) = -317*n - 105932. Give f(-329).
-1639
Let m(q) = 127376*q + 764588. Give m(-6).
332
Let q(n) = 2*n**2 + 14623*n - 73153. Determine q(5).
12
Let o(d) = d**2 + 1038*d + 3105. Give o(-3).
0
Let o(b) = 363*b**2 + 50076*b - 145. What is o(-138)?
2339
Let f(q) = -32660*q + 7054558. What is f(216)?
-2
Let m(i) = -5*i**3 - 120*i**2 + 104*i + 2468. What is m(-24)?
-28
Let a(n) = 2*n**3 + 64*n**2 + 681*n - 3863. What is a(4)?
13
Let a(g) = -g**2 + 5488*g + 32972. Calculate a(-6).
8
Let j(u) = 57003*u + 627044. Determine j(-11).
11
Let k(b) = -45455*b + 227384. Determine k(5).
109
Let s(a) = a**2 + 30*a - 61. Give s(-29).
-90
Let x(a) = a**3 - 15*a**2 - 31*a - 287. Calculate x(16).
-527
Let t(i) = i**3 - 458*i**2 - 1395*i + 5525. What is t(461)?
-7
Let f(s) = -52*s - 18630. Calculate f(-357).
-66
Let r(c) = -2*c**3 - 779*c**2 - 2703*c - 642. Determine r(-386).
-256
Let r(p) = -356*p**2 - 18*p + 40. Calculate r(0).
40
Let u(m) = 996*m + 5832. Calculate u(-6).
-144
Let i(f) = -f**2 - 209*f + 755. Calculate i(-220).
-1665
Let n(s) = 6*s**3 + 2407*s**2 - 2007*s + 1141. Determine n(-402).
-65
Let c(u) = 4481*u + 43203. What is c(-9)?
2874
Let b(c) = -854*c - 25344. Calculate b(-30).
276
Let n(z) = 4*z**2 + 170*z + 731. Give n(-38).
47
Let h(k) = -k**3 + 219*k**2 + 209*k + 2320. What is h(220)?
-100
Let x(n) = n**3 + n**2 + 730*n + 730. Give x(-1).
0
Let m(q) = -3*q**3 - 234*q**2 + 498*q + 1466. What is m(-80)?
26
Let o(a) = a**3 + 159*a**2 - 8229*a + 1188. Give o(41).
-1
Let m(d) = 13784*d + 1929760. What is m(-140)?
0
Let w(a) = -a**2 - 2674*a + 77294. Calculate w(29).
-1093
Let u(x) = 69540*x + 417229. What is u(-6)?
-11
Let l(g) = -g**2 - 7976*g - 1638413. Give l(-211).
2
Let l(r) = -1204*r**2 - 15*r - 20. What is l(-1)?
-1209
Let k(g) = 9*g**3 + 2482*g**2 + 1928*g + 701. What is k(-275)?
-124
Let z(s) = -5*s**2 + 51*s + 511. Determine z(18).
-191
Let i(f) = -57*f**3 + f**2 - 104*f + 109. Determine i(1).
-51
Let j(p) = p**2 - 10469*p - 115276. Give j(-11).
4
Let z(v) = -2*v**2 - 33*v + 321. Calculate z(25).
-1754
Let z(h) = 2172*h - 493016. Give z(227).
28
Let x(z) = 41*z**2 + 20312*z + 20313. Calculate x(-1).
42
Let g(q) = 122*q + 17187. Give g(-142).
-137
Let d(q) = -3106*q + 109162. What is d(35)?
452
Let f(k) = 1098*k + 21963. Calculate f(-20).
3
Let j(m) = -m**3 - 101*m**2 + 21008*m + 409. What is j(103)?
-3
Let z(t) = -t**3 + 96*t**2 + 327*t - 12777. Give z(98).
61
Let t(y) = 27*y + 5430. Give t(-201).
3
Let h(t) = 2*t**3 + 6*t**2 - 99*t - 295. Give h(-3).
2
Let i(w) = -3715*w + 148657. What is i(40)?
57
Let b(t) = 64*t**2 + 624*t + 1242. Give b(-2).
250
Let y(c) = c**3 + 331*c**2 - 334*c - 557. Determine y(-332).
107
Let y(g) = -g**2 - 10*g + 2254. Determine y(-57).
-425
Let x(y) = 1015*y + 386738. Give x(-381).
23
Let y(x) = -64*x**3 + 7420*x**2 + 466*x - 244. Calculate y(116).
-12
Let u(r) = 1507*r - 574186. What is u(381)?
-19
Let f(o) = 3*o**3 - 176*o**2 - 1100*o + 393. Calculate f(-6).
9
Let h(l) = -516042*l + 516041. Determine h(1).
-1
Let u(c) = -60196*c + 1264104. Give u(21).
-12
Let t(b) = b**2 - 496*b + 33259. Give t(78).
655
Let k(s) = 19*s**2 + 10469*s + 31244. Calculate k(-548).
8
Let i(b) = b**2 - 396*b - 6745. Calculate i(-17).
276
Let w(l) = -171*l**2 - 21854*l + 4309. What is w(-128)?
-43
Let i(d) = d**2 - 1677*d + 610356. Determine i(534).
-6
Let r(l) = 7317*l + 841462. Calculate r(-115).
7
Let t(m) = m**2 - 72*m + 920. Determine t(11).
249
Let u(q) = -201966*q - 404025. Give u(-2).
-93
Let z(a) = 2*a**3 + 559*a**2 - 1405*a + 1375. Give z(-282).
-35
Let u(k) = -34*k**3 - 4*k**2 - 9*k - 7. Give u(-1).
32
Let q(s) = -22*s**2 + 59*s + 45. What is q(4)?
-71
Let h(q) = -5*q**3 - 740*q**2 + 751*q + 1260. Calculate h(-149).
366
Let n(l) = 24*l**2 + 1136*l - 140. Calculate n(-46).
-1612
Let z(f) = -9*f**3 + 3*f**2 - 17*f - 61. Give z(-4).
631
Let q(h) = h**2 + 55*h + 67. Determine q(-38).
-579
Let v(d) = -252*d - 65076. Determine v(-259).
192
Let p(z) = -18*z + 300. Calculate p(-22).
696
Let n(w) = 13*w**2 + 4080*w - 42752. What is n(-324)?
16
Let b(z) = 123*z + 660. What is b(-11)?
-693
Let z(j) = j**3 + j**2 - 121*j - 505. Calculate z(-4).
-69
Let f(v) = 45*v**2 + 2662*v - 136. What is f(-59)?
-549
Let g(y) = -308827*y + 7411857. Calculate g(24).
9
Let y(b) = -b**3 + 258*b**2 - 1520*b + 2088. Determine y(252).
72
Let c(z) = 6612*z - 866195. Give c(131).
-23
Let x(d) = -6*d**3 + 57*d**2 - 877*d + 8958. What is x(10)?
-112
Let k(b) = 27*b**3 - 216*b**2 + 384*b - 3188. What is k(8)?
-116
Let q(v) = -2*v**3 - v**2 - 236*v + 1401. What is q(6)?
-483
Let m(d) = -47096*d + 235489. Determine m(5).
9
Let p(u) = 36158*u - 289135. Determine p(8).
12